10
Let n(d) = -d**3 + d**2 - d - 1. Let v(o) = -7*o**3 - 6. Let q(s) = -6*n(s) + v(s). What is q(-7)?
7
Let t(b) = -5*b + 3*b + 4*b**2 + 3*b - 4*b - 2*b**3. Give t(2).
-6
Let s(a) = -3*a**2 - 3*a - 3. Let x(c) = -4*c - 5. Let w(t) = t + 2. Let f(j) = 7*w(j) + 2*x(j). Let z be f(6). Calculate s(z).
-9
Let m be 210/40 + 1/(-4). Let z(p) = -1 + 0*p + p + m*p. What is z(-2)?
-13
Let w(p) = 6*p**3 - 7. Let f(v) = -9*v**3 + 11. Let m(t) = -5*f(t) - 8*w(t). Let j = 173 + -174. What is m(j)?
4
Let w(z) = 2*z + 1. Let m(x) = x - 2. Let k be m(4). Suppose -p = k*r + 4, r = -3*p - 3*r - 8. Let f = p + -2. Determine w(f).
-3
Let y(n) = -n**3 + 3*n**2 - 4*n. Let c(f) = -f**3 + 8*f**2 + 10*f - 6. Let j be c(9). Determine y(j).
-12
Let x(d) be the third derivative of 0*d + 0*d**3 + 3*d**2 + 0 - 1/8*d**4. Calculate x(-1).
3
Let n be ((-2)/4)/((-2)/76). Suppose r + 4*r - 13 = d, -2*r + n = -5*d. Let s(i) = 2 + 4*i + 3 - 7. Determine s(r).
6
Let v(a) = 3 - 1 - a**2 + 5*a - 1 + 1. Let g be v(5). Let x(l) = l**2 - g*l + 1 + 3*l - 2*l. What is x(3)?
7
Let u(p) = -1. Let d(m) = 2*m + 1. Let q(x) = d(x) - u(x). Let j = -12 + 17. Let o = 7 - j. What is q(o)?
6
Let k(c) = c + 1. Let m be ((-8)/(-10))/((-7)/35). What is k(m)?
-3
Let q(i) = i**2 - 5*i - 7. Let s(k) = -k**2 + 5*k + 6. Let c(z) = -4*q(z) - 5*s(z). Calculate c(6).
4
Let y(t) = -t**3 - 10*t**2 - t - 4. Let a(q) = -2*q**2 - 2. Let m be a(-2). Calculate y(m).
6
Let t(m) = -m**2 - 4*m + 4. Let l be (2/(-4))/((-12)/(-120)). Determine t(l).
-1
Let n be 8*-3*(-3)/(-12). Let v(o) = o + 1 + 5 + 0. Let i be v(n). Let w(c) = -c + 5. What is w(i)?
5
Let n(k) = -2*k - 1. Let i(h) = 3*h + 1. Let l(f) = 5*i(f) + 4*n(f). Calculate l(1).
8
Let r(z) be the third derivative of z**5/60 + z**4/12 - z**3/3 - z**2. Suppose -j = -2*v + 3*j + 12, 15 = -5*j. Suppose -4*n + v + 8 = 0. Determine r(n).
6
Let k(d) = -2*d**2 - 2*d - 3. Suppose -5*o = -0*o - 5*c + 340, -4*c - 288 = 4*o. Let s be o/9 + (-12)/54. Let x = s - -6. What is k(x)?
-7
Let w(m) = 5*m**3 - 10*m**2 - 5*m - 15. Let n(b) = -3*b**3 + 5*b**2 + 3*b + 8. Let s(t) = -7*n(t) - 4*w(t). Determine s(-5).
9
Let n(a) be the first derivative of a**5/60 - 5*a**4/24 + 7*a**3/6 + 3*a**2/2 + 7. Let l(v) be the second derivative of n(v). Give l(5).
7
Let i(f) be the third derivative of -f**5/60 + f**4/12 - f**3/6 + 12*f**2. Determine i(2).
-1
Let n(b) = -b**2 - 6*b - 2. Suppose -1 = -o - 2*a + a, -7 = -4*o - 3*a. Let l be ((-3)/(-4))/(1/o). Suppose l*c - 2*f = -5, c - f + 4*f + 9 = 0. Determine n(c).
7
Let w(b) = 2*b + 2. Let z be w(4). Suppose -26 + z = 4*p. Let k(i) be the first derivative of i**4/4 + 5*i**3/3 + 2*i**2 + 5*i - 1. What is k(p)?
5
Let u(v) = -v**3 + 4*v**2 + 4*v + 4. Let j(n) = n**3 - 6*n**2 + 5. Let t be j(6). Let q be (-12)/8*(-4)/2. Suppose -t = -q*p + 10. What is u(p)?
-1
Let y(f) = 9*f**2 + 1. Let j(v) = v**2. Let p(a) = -6*j(a) + y(a). What is p(-1)?
4
Let s be (-1)/4 - 25/(-100). Let o(j) be the third derivative of -1/24*j**4 + 3/20*j**5 + 0*j + j**2 + s - 1/6*j**3. Calculate o(-1).
9
Let t(x) be the first derivative of x**2/2 + 5*x + 18. Let j(n) = n**2 + 6*n + 4. Let b(z) = -z**2 - 6. Let u be b(0). Let s be j(u). Calculate t(s).
9
Let r(w) = w**2 - 2*w - 3. Suppose 5*d - 25 = 0, 2*l - d + 11 = -l. Suppose -3*n - 3 + 6 = 0. Let o be -6*(n/l + 0). Give r(o).
0
Let k(i) = i - 1. Let u be k(3). Let m be -3 - -2 - 5*-2. Let p(t) = t**u + 2*t**2 - m*t**2. Give p(-1).
-6
Let i(y) = -4*y + 2. Let c(t) = 20*t - 10. Let k(l) = -3*c(l) - 16*i(l). Determine k(2).
6
Let r(c) = c**2 - 5*c + 4. Let a be (5 + -2 + -2)*5. Let w be r(a). Let g(x) = 0*x**3 - w*x**2 - 3 + 0 - x**3. What is g(-4)?
-3
Let s(f) = -f + 17 - 17. Calculate s(6).
-6
Let y(n) = -2*n**2 + 0*n**2 - 8 + n + 5*n**2 - 2*n**2. Determine y(0).
-8
Let k(a) be the first derivative of a**4/24 - a**3/2 + 7*a**2/2 + 11. Let q(b) be the second derivative of k(b). What is q(3)?
0
Let u(l) = 4*l + 0 - 1 - 1. Let t(h) be the third derivative of 5*h**4/24 - h**3/3 + 5*h**2. Let d(r) = 3*t(r) - 4*u(r). Give d(5).
-3
Let n be (-9)/(-2) - 1/2. Let w = 1 - n. Let i(s) = -s. Let u(o) = 9*o + 3. Let z(j) = w*i(j) - u(j). Calculate z(-2).
9
Let s(o) = -o**2 + 7*o - 9. Let k = 110 - 102. Determine s(k).
-17
Let v(k) be the second derivative of 11*k**4/12 + k**3/6 + k**2/2 - k. Let g be 93/(-62)*((-8)/6 - -2). Calculate v(g).
11
Let g(b) = 5*b - 1. Suppose n - 3*j = j + 10, 0 = 3*n + 5*j + 38. Let c = -2 - n. Suppose 0 = -2*z + d + 2, -c = 2*d + 4. What is g(z)?
-6
Let f(i) = -7*i**2 - i + 3. Let n(q) = -4*q + 2 + 0*q**2 + 3*q - 3*q**2. Let w(l) = -2*f(l) + 5*n(l). Let u be w(-4). Let a(o) = -o + 3. Give a(u).
3
Let a(k) = 22*k + 24*k - 44*k - 6. Calculate a(6).
6
Let p(a) be the first derivative of -a**3/3 - 5*a**2/2 - 6*a - 1. Let v be -2*(-5)/((-10)/(-4)). Suppose -4*s - v = 12. Determine p(s).
-2
Let y(g) = 164 + 7*g**3 + g - 3*g - 163. Give y(1).
6
Let d = 12 + -7. Suppose 3*o - 30 = -5*q, 34 = q + 2*q + d*o. Let p(v) be the second derivative of v**4/12 - v**3/2 - v**2 + v. Give p(q).
-2
Let o(l) = 4*l**2 + 13 - 10*l + 2*l**3 - l**3 - 20. Give o(-6).
-19
Let k(g) = -g**3 + 8*g**2 - 6*g - 6. Suppose -7*b = -5*b - 14. Give k(b).
1
Let q = 5 - 3. Let b(z) = -2 + 0*z**q - 4*z + z**3 - 3*z**2 + z. What is b(4)?
2
Let o(m) = m - 3. Let p be o(5). Suppose -18 = 2*a - 7*a - 4*r, 5*r - 9 = -4*a. Let v = p - a. Let f(x) = -x**2 - 5*x - 1. Calculate f(v).
3
Let d(h) = -h - 6. Let u be 4/14 + 88/(-14). Give d(u).
0
Let b(m) = m - 2. Let s be b(9). Let c(v) = 0*v**3 - 6*v - v**3 + 0*v**3 - s*v**2 + 4. What is c(-6)?
4
Let a(x) = 5*x**3 + 4*x**2 - 5*x + 8. Let l(n) = -n**3 + n - 1. Let z(h) = -a(h) - 6*l(h). What is z(5)?
18
Let v(s) = s + 2. Let p(d) = -8*d - 24. Let c(l) = p(l) + 6*v(l). Give c(-10).
8
Let i be (-3)/(-12) - 75/(-20). Let s(n) = n**2 - 3*n - 1. Give s(i).
3
Let u(y) = -5*y - 1. Let m(o) = -2*o + 5. Let x be m(3). Determine u(x).
4
Let l(h) = 3*h + 0*h + 4*h - 6*h + 2. Suppose -2*z - 3 = -3*z. Give l(z).
5
Let r be -12 - -7 - -3*1. Let z be 8 + r - (-3 - -5). Let l(n) be the third derivative of n**4/12 - n**3/3 + n**2. Give l(z).
6
Let f(j) = j**3 + 5*j**2 + 3*j - 3. Suppose -26*k + 20*k - 24 = 0. Calculate f(k).
1
Let h(a) be the third derivative of a**5/60 - 2*a**3/3 - 6*a**2. Calculate h(4).
12
Let m(v) = v**3 - 8*v**2 + 6*v + 4. Let f be (-1)/(3/(-21)*1). Determine m(f).
-3
Let h be ((-4)/(-5 + 7))/(0 + -1). Let a(d) = 2*d + 1. Determine a(h).
5
Let y(g) = g - 1. Let o(x) = 7*x - 3. Let r(k) = -k**2 - 5*k + 3. Let w be r(-5). Let m be (-2)/w + (-3)/9. Let h(t) = m*o(t) + 6*y(t). What is h(-2)?
-1
Let o(g) = -g**2 - 6*g + 3. Let u(a) = -a**2 + 2*a + 10. Let p be u(5). Give o(p).
8
Let h(n) be the first derivative of -n**3/3 - 3*n**2 - 8*n + 10. What is h(-6)?
-8
Let c(b) = -2*b - 6. Let s be c(-6). Let j = -9 + 14. Let p(g) = -j*g - 2*g + 8*g. What is p(s)?
6
Suppose -5*b = -3*s - 19, -2*b + 4*s = -4*b - 8. Let g(r) = 2 + b*r**3 + 4*r + 3*r**2 - r**3 - r. Determine g(-2).
0
Let j be (3/(-2))/(12/(-32)). Let z(a) = a**3 - 5*a**2 + 6*a - 4. Determine z(j).
4
Let z(p) = 8*p - 1. Let y(b) = -44*b + 1. Let g(f) = -f - 1. Let s(u) = -5*g(u) + y(u). Let n = -5 - -16. Let q(w) = n*z(w) + 2*s(w). Give q(1).
11
Suppose l = 1 - 3, 5*l + 13 = o. Let x(z) = 2 + z**o - 5*z**2 - 2*z**2 + 2*z - 9 + 0*z**2. Calculate x(7).
7
Let y(b) = 3*b**2 - 3*b + 4. Let s(w) = w**2 + w - 1. Let r(u) = -2*s(u) + y(u). What is r(5)?
6
Let z(t) be the third derivative of -t**5/60 + t**4/3 + t**3 - 14*t**2. Give z(8).
6
Let j(u) be the third derivative of 0 + 0*u - 1/60*u**5 + 1/4*u**4 + 4*u**2 - 1/2*u**3. Determine j(4).
5
Let b(v) be the first derivative of -v**7/280 - v**3/3 - 3. Let d(t) be the third derivative of b(t). Suppose 5 = -2*s - 2*x + 1, -4*s + 7 = -x. Give d(s).
-3
Let t(z) be the third derivative of -z**6/120 + z**5/30 + z**4/8 - z**3/6 + z**2. Suppose 3*h + 0*h - 9 = 0. Give t(h).
-1
Let l(f) = 0*f + 4*f - 3*f. Let p be l(-1). Let m be p/2 - 11/(-2). Let o(h) = h - 5. Calculate o(m).
0
Let w(j) = -9*j - 3. Suppose -5*m + 10 = 0, -3*m = -4*y + 2*m - 18. Let h be w(y). Suppose -3*u + 0 = h. Let x(k) = k + 3. Give x(u).
-2
Suppose 54 = 18*n - 0*n. Let y(l) = -l + 1. Let j(f) = -6*f + 5. Let d(i) = -j(i) + 4*y(i). Calculate d(n).
5